{"id":25974616,"date":"2025-10-04T10:23:24","date_gmt":"2025-10-04T10:23:24","guid":{"rendered":"https:\/\/lameldelavijoan.cat\/?post_type=product&#038;p=25974616"},"modified":"2026-01-04T20:04:38","modified_gmt":"2026-01-04T20:04:38","slug":"assortiment-de-3-mels","status":"publish","type":"product","link":"https:\/\/lameldelavijoan.cat\/es\/producto\/assortiment-de-3-mels\/","title":{"rendered":"Surtido de 3 mieles"},"content":{"rendered":"<p data-start=\"242\" data-end=\"300\">Lot de 3 mels en format petit de La Mel de l\u2019Avi Joan<\/p>\n<p data-start=\"302\" data-end=\"549\">Descobreix la varietat i la riquesa de la nostra mel amb aquest lot exclusiu de tres potets en format petit. \u00c9s ideal per fer un tast r\u00e0pid o per endolcir les teves begudes all\u00e0 on vagis. Tamb\u00e9 \u00e9s perfecte com a regal de proximitat i sostenible.<\/p>\n<p data-start=\"551\" data-end=\"571\">Aquest lot inclou:<\/p>\n<ul data-start=\"572\" data-end=\"740\">\n<li data-start=\"572\" data-end=\"621\">\n<p data-start=\"574\" data-end=\"621\"><strong data-start=\"574\" data-end=\"600\">1 pot de mel de roman\u00ed<\/strong>, suau i arom\u00e0tica.<\/p>\n<\/li>\n<li data-start=\"622\" data-end=\"683\">\n<p data-start=\"624\" data-end=\"683\"><strong data-start=\"624\" data-end=\"652\">1 pot de mel de muntanya<\/strong>, intensa i amb personalitat.<\/p>\n<\/li>\n<li data-start=\"684\" data-end=\"740\">\n<p data-start=\"686\" data-end=\"740\"><strong data-start=\"686\" data-end=\"715\">1 pot de mel de mil flors<\/strong>, fresca i equilibrada.<\/p>\n<\/li>\n<\/ul>\n<p data-start=\"742\" data-end=\"901\">Cada mel ha estat recol\u00b7lectada artesanalment per les abelles del Sergi i la Berta. Treballem respectant la natura i garantint un producte 100% cru i de Km0.<\/p>\n<p data-start=\"903\" data-end=\"1045\">El lot es presenta embolicat amb cura i a punt per regalar. \u00c9s un dels productes m\u00e9s venuts i apreciats a les fires i mercats on participem.<\/p>","protected":false},"excerpt":{"rendered":"<p data-start=\"176\" data-end=\"347\">Un pack con <strong data-start=\"195\" data-end=\"227\">miel de romero, de monta\u00f1a y mil flores<\/strong>, ideal para hacer una degustaci\u00f3n, endulzar de forma natural all\u00e1 donde vayas o sorprender con un regalo de proximidad y sostenible.<\/p>","protected":false},"featured_media":25975262,"template":"","meta":{"_et_pb_use_builder":"","_et_pb_old_content":"","_et_gb_content_width":""},"product_brand":[],"product_cat":[39],"product_tag":[],"class_list":{"0":"post-25974616","1":"product","2":"type-product","3":"status-publish","4":"has-post-thumbnail","6":"product_cat-mes-mel","8":"first","9":"instock","10":"shipping-taxable","11":"purchasable","12":"product-type-simple"},"yoast_head":"<!-- This site is optimized with the Yoast SEO plugin v27.5 - https:\/\/yoast.com\/product\/yoast-seo-wordpress\/ -->\n<title>Assortiment de 3 mels - La Mel de l&#039;Avi Joan<\/title>\n<meta name=\"description\" content=\"Assortiment de 3 mels petites de La Mel de l\u2019Avi Joan: roman\u00ed, muntanya i mil flors. Ideal per tastar, endolcir sobre la marxa o regalar amb proximitat.\" \/>\n<meta name=\"robots\" content=\"index, follow, max-snippet:-1, max-image-preview:large, max-video-preview:-1\" \/>\n<link rel=\"canonical\" href=\"https:\/\/lameldelavijoan.cat\/es\/producto\/assortiment-de-3-mels\/\" \/>\n<meta property=\"og:locale\" content=\"es_ES\" \/>\n<meta property=\"og:type\" content=\"article\" \/>\n<meta property=\"og:title\" content=\"Assortiment de 3 mels - La Mel de l&#039;Avi Joan\" \/>\n<meta property=\"og:description\" content=\"Assortiment de 3 mels petites de La Mel de l\u2019Avi Joan: roman\u00ed, muntanya i mil flors. Ideal per tastar, endolcir sobre la marxa o regalar amb proximitat.\" \/>\n<meta property=\"og:url\" content=\"https:\/\/lameldelavijoan.cat\/es\/producto\/assortiment-de-3-mels\/\" \/>\n<meta property=\"og:site_name\" content=\"La Mel de l&#039;Avi Joan\" \/>\n<meta property=\"article:modified_time\" content=\"2026-01-04T20:04:38+00:00\" \/>\n<meta property=\"og:image\" content=\"https:\/\/lameldelavijoan.cat\/wp-content\/uploads\/2026\/01\/assortiment.webp\" \/>\n\t<meta property=\"og:image:width\" content=\"600\" \/>\n\t<meta property=\"og:image:height\" content=\"600\" \/>\n\t<meta property=\"og:image:type\" content=\"image\/webp\" \/>\n<meta name=\"twitter:card\" content=\"summary_large_image\" \/>\n<meta name=\"twitter:label1\" content=\"Precio\" \/>\n\t<meta name=\"twitter:data1\" content=\"5,00&nbsp;&euro;\" \/>\n\t<meta name=\"twitter:label2\" content=\"Disponibilidad\" \/>\n\t<meta name=\"twitter:data2\" content=\"Disponible\" \/>\n<script type=\"application\/ld+json\" class=\"yoast-schema-graph\">{\"@context\":\"https:\\\/\\\/schema.org\",\"@graph\":[{\"@type\":\"WebPage\",\"@id\":\"https:\\\/\\\/lameldelavijoan.cat\\\/producte\\\/assortiment-de-3-mels\\\/\",\"url\":\"https:\\\/\\\/lameldelavijoan.cat\\\/producte\\\/assortiment-de-3-mels\\\/\",\"name\":\"Assortiment de 3 mels - La Mel de l&#039;Avi Joan\",\"isPartOf\":{\"@id\":\"https:\\\/\\\/lameldelavijoan.cat\\\/#website\"},\"primaryImageOfPage\":{\"@id\":\"https:\\\/\\\/lameldelavijoan.cat\\\/producte\\\/assortiment-de-3-mels\\\/#primaryimage\"},\"image\":{\"@id\":\"https:\\\/\\\/lameldelavijoan.cat\\\/producte\\\/assortiment-de-3-mels\\\/#primaryimage\"},\"thumbnailUrl\":\"https:\\\/\\\/lameldelavijoan.cat\\\/wp-content\\\/uploads\\\/2026\\\/01\\\/assortiment.webp\",\"datePublished\":\"2025-10-04T10:23:24+00:00\",\"dateModified\":\"2026-01-04T20:04:38+00:00\",\"description\":\"Assortiment de 3 mels petites de La Mel de l\u2019Avi Joan: roman\u00ed, muntanya i mil flors. Ideal per tastar, endolcir sobre la marxa o regalar amb proximitat.\",\"breadcrumb\":{\"@id\":\"https:\\\/\\\/lameldelavijoan.cat\\\/producte\\\/assortiment-de-3-mels\\\/#breadcrumb\"},\"inLanguage\":\"es\",\"potentialAction\":[{\"@type\":\"ReadAction\",\"target\":[\"https:\\\/\\\/lameldelavijoan.cat\\\/producte\\\/assortiment-de-3-mels\\\/\"]}]},{\"@type\":\"ImageObject\",\"inLanguage\":\"es\",\"@id\":\"https:\\\/\\\/lameldelavijoan.cat\\\/producte\\\/assortiment-de-3-mels\\\/#primaryimage\",\"url\":\"https:\\\/\\\/lameldelavijoan.cat\\\/wp-content\\\/uploads\\\/2026\\\/01\\\/assortiment.webp\",\"contentUrl\":\"https:\\\/\\\/lameldelavijoan.cat\\\/wp-content\\\/uploads\\\/2026\\\/01\\\/assortiment.webp\",\"width\":600,\"height\":600},{\"@type\":\"BreadcrumbList\",\"@id\":\"https:\\\/\\\/lameldelavijoan.cat\\\/producte\\\/assortiment-de-3-mels\\\/#breadcrumb\",\"itemListElement\":[{\"@type\":\"ListItem\",\"position\":1,\"name\":\"Home\",\"item\":\"https:\\\/\\\/lameldelavijoan.cat\\\/\"},{\"@type\":\"ListItem\",\"position\":2,\"name\":\"Productes\",\"item\":\"https:\\\/\\\/lameldelavijoan.cat\\\/botiga\\\/\"},{\"@type\":\"ListItem\",\"position\":3,\"name\":\"Assortiment de 3 mels\"}]},{\"@type\":\"WebSite\",\"@id\":\"https:\\\/\\\/lameldelavijoan.cat\\\/#website\",\"url\":\"https:\\\/\\\/lameldelavijoan.cat\\\/\",\"name\":\"La Mel de l'Avi Joan\",\"description\":\"La Mel de l&#039;Avi Joan - Mel artesana del Bergued\u00e0\",\"publisher\":{\"@id\":\"https:\\\/\\\/lameldelavijoan.cat\\\/#organization\"},\"alternateName\":\"La Mel de l'Avi Joan\",\"potentialAction\":[{\"@type\":\"SearchAction\",\"target\":{\"@type\":\"EntryPoint\",\"urlTemplate\":\"https:\\\/\\\/lameldelavijoan.cat\\\/?s={search_term_string}\"},\"query-input\":{\"@type\":\"PropertyValueSpecification\",\"valueRequired\":true,\"valueName\":\"search_term_string\"}}],\"inLanguage\":\"es\"},{\"@type\":\"Organization\",\"@id\":\"https:\\\/\\\/lameldelavijoan.cat\\\/#organization\",\"name\":\"La Mel de l'Avi Joan\",\"url\":\"https:\\\/\\\/lameldelavijoan.cat\\\/\",\"logo\":{\"@type\":\"ImageObject\",\"inLanguage\":\"es\",\"@id\":\"https:\\\/\\\/lameldelavijoan.cat\\\/#\\\/schema\\\/logo\\\/image\\\/\",\"url\":\"https:\\\/\\\/lameldelavijoan.cat\\\/wp-content\\\/uploads\\\/2025\\\/09\\\/Grafics.ai-3.png\",\"contentUrl\":\"https:\\\/\\\/lameldelavijoan.cat\\\/wp-content\\\/uploads\\\/2025\\\/09\\\/Grafics.ai-3.png\",\"width\":84,\"height\":74,\"caption\":\"La Mel de l'Avi Joan\"},\"image\":{\"@id\":\"https:\\\/\\\/lameldelavijoan.cat\\\/#\\\/schema\\\/logo\\\/image\\\/\"}}]}<\/script>\n<meta property=\"product:price:amount\" content=\"5.00\" \/>\n<meta property=\"product:price:currency\" content=\"EUR\" \/>\n<meta property=\"og:availability\" content=\"instock\" \/>\n<meta property=\"product:availability\" content=\"instock\" \/>\n<meta property=\"product:condition\" content=\"new\" \/>\n<!-- \/ Yoast SEO plugin. -->","yoast_head_json":{"title":"Assortiment de 3 mels - La Mel de l&#039;Avi Joan","description":"Assortiment de 3 mels petites de La Mel de l\u2019Avi Joan: roman\u00ed, muntanya i mil flors. Ideal per tastar, endolcir sobre la marxa o regalar amb proximitat.","robots":{"index":"index","follow":"follow","max-snippet":"max-snippet:-1","max-image-preview":"max-image-preview:large","max-video-preview":"max-video-preview:-1"},"canonical":"https:\/\/lameldelavijoan.cat\/es\/producto\/assortiment-de-3-mels\/","og_locale":"es_ES","og_type":"article","og_title":"Assortiment de 3 mels - La Mel de l&#039;Avi Joan","og_description":"Assortiment de 3 mels petites de La Mel de l\u2019Avi Joan: roman\u00ed, muntanya i mil flors. Ideal per tastar, endolcir sobre la marxa o regalar amb proximitat.","og_url":"https:\/\/lameldelavijoan.cat\/es\/producto\/assortiment-de-3-mels\/","og_site_name":"La Mel de l&#039;Avi Joan","article_modified_time":"2026-01-04T20:04:38+00:00","og_image":[{"width":600,"height":600,"url":"https:\/\/lameldelavijoan.cat\/wp-content\/uploads\/2026\/01\/assortiment.webp","type":"image\/webp"}],"twitter_card":"summary_large_image","twitter_misc":{"Precio":"5,00&nbsp;&euro;","Disponibilidad":"Disponible"},"schema":{"@context":"https:\/\/schema.org","@graph":[{"@type":"WebPage","@id":"https:\/\/lameldelavijoan.cat\/producte\/assortiment-de-3-mels\/","url":"https:\/\/lameldelavijoan.cat\/producte\/assortiment-de-3-mels\/","name":"Assortiment de 3 mels - La Mel de l&#039;Avi Joan","isPartOf":{"@id":"https:\/\/lameldelavijoan.cat\/#website"},"primaryImageOfPage":{"@id":"https:\/\/lameldelavijoan.cat\/producte\/assortiment-de-3-mels\/#primaryimage"},"image":{"@id":"https:\/\/lameldelavijoan.cat\/producte\/assortiment-de-3-mels\/#primaryimage"},"thumbnailUrl":"https:\/\/lameldelavijoan.cat\/wp-content\/uploads\/2026\/01\/assortiment.webp","datePublished":"2025-10-04T10:23:24+00:00","dateModified":"2026-01-04T20:04:38+00:00","description":"Assortiment de 3 mels petites de La Mel de l\u2019Avi Joan: roman\u00ed, muntanya i mil flors. Ideal per tastar, endolcir sobre la marxa o regalar amb proximitat.","breadcrumb":{"@id":"https:\/\/lameldelavijoan.cat\/producte\/assortiment-de-3-mels\/#breadcrumb"},"inLanguage":"es","potentialAction":[{"@type":"ReadAction","target":["https:\/\/lameldelavijoan.cat\/producte\/assortiment-de-3-mels\/"]}]},{"@type":"ImageObject","inLanguage":"es","@id":"https:\/\/lameldelavijoan.cat\/producte\/assortiment-de-3-mels\/#primaryimage","url":"https:\/\/lameldelavijoan.cat\/wp-content\/uploads\/2026\/01\/assortiment.webp","contentUrl":"https:\/\/lameldelavijoan.cat\/wp-content\/uploads\/2026\/01\/assortiment.webp","width":600,"height":600},{"@type":"BreadcrumbList","@id":"https:\/\/lameldelavijoan.cat\/producte\/assortiment-de-3-mels\/#breadcrumb","itemListElement":[{"@type":"ListItem","position":1,"name":"Home","item":"https:\/\/lameldelavijoan.cat\/"},{"@type":"ListItem","position":2,"name":"Productes","item":"https:\/\/lameldelavijoan.cat\/botiga\/"},{"@type":"ListItem","position":3,"name":"Assortiment de 3 mels"}]},{"@type":"WebSite","@id":"https:\/\/lameldelavijoan.cat\/#website","url":"https:\/\/lameldelavijoan.cat\/","name":"La Mel de l'Avi Joan","description":"La Mel de l&#039;Avi Joan - Mel artesana del Bergued\u00e0","publisher":{"@id":"https:\/\/lameldelavijoan.cat\/#organization"},"alternateName":"La Mel de l'Avi Joan","potentialAction":[{"@type":"SearchAction","target":{"@type":"EntryPoint","urlTemplate":"https:\/\/lameldelavijoan.cat\/?s={search_term_string}"},"query-input":{"@type":"PropertyValueSpecification","valueRequired":true,"valueName":"search_term_string"}}],"inLanguage":"es"},{"@type":"Organization","@id":"https:\/\/lameldelavijoan.cat\/#organization","name":"La Mel de l'Avi Joan","url":"https:\/\/lameldelavijoan.cat\/","logo":{"@type":"ImageObject","inLanguage":"es","@id":"https:\/\/lameldelavijoan.cat\/#\/schema\/logo\/image\/","url":"https:\/\/lameldelavijoan.cat\/wp-content\/uploads\/2025\/09\/Grafics.ai-3.png","contentUrl":"https:\/\/lameldelavijoan.cat\/wp-content\/uploads\/2025\/09\/Grafics.ai-3.png","width":84,"height":74,"caption":"La Mel de l'Avi Joan"},"image":{"@id":"https:\/\/lameldelavijoan.cat\/#\/schema\/logo\/image\/"}}]},"product_price_amount":"5.00","product_price_currency":"EUR","og_availability":"instock","product_availability":"instock","product_condition":"new"},"_links":{"self":[{"href":"https:\/\/lameldelavijoan.cat\/es\/wp-json\/wp\/v2\/product\/25974616","targetHints":{"allow":["GET"]}}],"collection":[{"href":"https:\/\/lameldelavijoan.cat\/es\/wp-json\/wp\/v2\/product"}],"about":[{"href":"https:\/\/lameldelavijoan.cat\/es\/wp-json\/wp\/v2\/types\/product"}],"wp:featuredmedia":[{"embeddable":true,"href":"https:\/\/lameldelavijoan.cat\/es\/wp-json\/wp\/v2\/media\/25975262"}],"wp:attachment":[{"href":"https:\/\/lameldelavijoan.cat\/es\/wp-json\/wp\/v2\/media?parent=25974616"}],"wp:term":[{"taxonomy":"product_brand","embeddable":true,"href":"https:\/\/lameldelavijoan.cat\/es\/wp-json\/wp\/v2\/product_brand?post=25974616"},{"taxonomy":"product_cat","embeddable":true,"href":"https:\/\/lameldelavijoan.cat\/es\/wp-json\/wp\/v2\/product_cat?post=25974616"},{"taxonomy":"product_tag","embeddable":true,"href":"https:\/\/lameldelavijoan.cat\/es\/wp-json\/wp\/v2\/product_tag?post=25974616"}],"curies":[{"name":"wp","href":"https:\/\/api.w.org\/{rel}","templated":true}]}}

<p data-start="242" data-end="300">Lot de 3 mels en format petit de La Mel de l’Avi Joan</p>
<p data-start="302" data-end="549">Descobreix la varietat i la riquesa de la nostra mel amb aquest lot exclusiu de tres potets en format petit. És ideal per fer un tast ràpid o per endolcir les teves begudes allà on vagis. També és perfecte com a regal de proximitat i sostenible.</p>
<p data-start="551" data-end="571">Aquest lot inclou:</p>
<ul data-start="572" data-end="740">
<li data-start="572" data-end="621">
<p data-start="574" data-end="621"><strong data-start="574" data-end="600">1 pot de mel de romaní</strong>, suau i aromàtica.</p>
</li>
<li data-start="622" data-end="683">
<p data-start="624" data-end="683"><strong data-start="624" data-end="652">1 pot de mel de muntanya</strong>, intensa i amb personalitat.</p>
</li>
<li data-start="684" data-end="740">
<p data-start="686" data-end="740"><strong data-start="686" data-end="715">1 pot de mel de mil flors</strong>, fresca i equilibrada.</p>
</li>
</ul>
<p data-start="742" data-end="901">Cada mel ha estat recol·lectada artesanalment per les abelles del Sergi i la Berta. Treballem respectant la natura i garantint un producte 100% cru i de Km0.</p>
<p data-start="903" data-end="1045">El lot es presenta embolicat amb cura i a punt per regalar. És un dels productes més venuts i apreciats a les fires i mercats on participem.</p>

<p data-start="176" data-end="347">Un pack con <strong data-start="195" data-end="227">miel de romero, de montaña y mil flores</strong>, ideal para hacer una degustación, endulzar de forma natural allá donde vayas o sorprender con un regalo de proximidad y sostenible.</p>

<!-- This site is optimized with the Yoast SEO plugin v27.5 - https://yoast.com/product/yoast-seo-wordpress/ -->
<title>Assortiment de 3 mels - La Mel de l&#039;Avi Joan</title>
<meta name="description" content="Assortiment de 3 mels petites de La Mel de l’Avi Joan: romaní, muntanya i mil flors. Ideal per tastar, endolcir sobre la marxa o regalar amb proximitat." />
<meta name="robots" content="index, follow, max-snippet:-1, max-image-preview:large, max-video-preview:-1" />
<link rel="canonical" href="https://lameldelavijoan.cat/es/producto/assortiment-de-3-mels/" />
<meta property="og:locale" content="es_ES" />
<meta property="og:type" content="article" />
<meta property="og:title" content="Assortiment de 3 mels - La Mel de l&#039;Avi Joan" />
<meta property="og:description" content="Assortiment de 3 mels petites de La Mel de l’Avi Joan: romaní, muntanya i mil flors. Ideal per tastar, endolcir sobre la marxa o regalar amb proximitat." />
<meta property="og:url" content="https://lameldelavijoan.cat/es/producto/assortiment-de-3-mels/" />
<meta property="og:site_name" content="La Mel de l&#039;Avi Joan" />
<meta property="article:modified_time" content="2026-01-04T20:04:38+00:00" />
<meta property="og:image" content="https://lameldelavijoan.cat/wp-content/uploads/2026/01/assortiment.webp" />
	<meta property="og:image:width" content="600" />
	<meta property="og:image:height" content="600" />
	<meta property="og:image:type" content="image/webp" />
<meta name="twitter:card" content="summary_large_image" />
<meta name="twitter:label1" content="Precio" />
	<meta name="twitter:data1" content="5,00&nbsp;&euro;" />
	<meta name="twitter:label2" content="Disponibilidad" />
	<meta name="twitter:data2" content="Disponible" />
<script type="application/ld+json" class="yoast-schema-graph">{"@context":"https:\/\/schema.org","@graph":[{"@type":"WebPage","@id":"https:\/\/lameldelavijoan.cat\/producte\/assortiment-de-3-mels\/","url":"https:\/\/lameldelavijoan.cat\/producte\/assortiment-de-3-mels\/","name":"Assortiment de 3 mels - La Mel de l&#039;Avi Joan","isPartOf":{"@id":"https:\/\/lameldelavijoan.cat\/#website"},"primaryImageOfPage":{"@id":"https:\/\/lameldelavijoan.cat\/producte\/assortiment-de-3-mels\/#primaryimage"},"image":{"@id":"https:\/\/lameldelavijoan.cat\/producte\/assortiment-de-3-mels\/#primaryimage"},"thumbnailUrl":"https:\/\/lameldelavijoan.cat\/wp-content\/uploads\/2026\/01\/assortiment.webp","datePublished":"2025-10-04T10:23:24+00:00","dateModified":"2026-01-04T20:04:38+00:00","description":"Assortiment de 3 mels petites de La Mel de l’Avi Joan: romaní, muntanya i mil flors. Ideal per tastar, endolcir sobre la marxa o regalar amb proximitat.","breadcrumb":{"@id":"https:\/\/lameldelavijoan.cat\/producte\/assortiment-de-3-mels\/#breadcrumb"},"inLanguage":"es","potentialAction":[{"@type":"ReadAction","target":["https:\/\/lameldelavijoan.cat\/producte\/assortiment-de-3-mels\/"]}]},{"@type":"ImageObject","inLanguage":"es","@id":"https:\/\/lameldelavijoan.cat\/producte\/assortiment-de-3-mels\/#primaryimage","url":"https:\/\/lameldelavijoan.cat\/wp-content\/uploads\/2026\/01\/assortiment.webp","contentUrl":"https:\/\/lameldelavijoan.cat\/wp-content\/uploads\/2026\/01\/assortiment.webp","width":600,"height":600},{"@type":"BreadcrumbList","@id":"https:\/\/lameldelavijoan.cat\/producte\/assortiment-de-3-mels\/#breadcrumb","itemListElement":[{"@type":"ListItem","position":1,"name":"Home","item":"https:\/\/lameldelavijoan.cat\/"},{"@type":"ListItem","position":2,"name":"Productes","item":"https:\/\/lameldelavijoan.cat\/botiga\/"},{"@type":"ListItem","position":3,"name":"Assortiment de 3 mels"}]},{"@type":"WebSite","@id":"https:\/\/lameldelavijoan.cat\/#website","url":"https:\/\/lameldelavijoan.cat\/","name":"La Mel de l'Avi Joan","description":"La Mel de l&#039;Avi Joan - Mel artesana del Berguedà","publisher":{"@id":"https:\/\/lameldelavijoan.cat\/#organization"},"alternateName":"La Mel de l'Avi Joan","potentialAction":[{"@type":"SearchAction","target":{"@type":"EntryPoint","urlTemplate":"https:\/\/lameldelavijoan.cat\/?s={search_term_string}"},"query-input":{"@type":"PropertyValueSpecification","valueRequired":true,"valueName":"search_term_string"}}],"inLanguage":"es"},{"@type":"Organization","@id":"https:\/\/lameldelavijoan.cat\/#organization","name":"La Mel de l'Avi Joan","url":"https:\/\/lameldelavijoan.cat\/","logo":{"@type":"ImageObject","inLanguage":"es","@id":"https:\/\/lameldelavijoan.cat\/#\/schema\/logo\/image\/","url":"https:\/\/lameldelavijoan.cat\/wp-content\/uploads\/2025\/09\/Grafics.ai-3.png","contentUrl":"https:\/\/lameldelavijoan.cat\/wp-content\/uploads\/2025\/09\/Grafics.ai-3.png","width":84,"height":74,"caption":"La Mel de l'Avi Joan"},"image":{"@id":"https:\/\/lameldelavijoan.cat\/#\/schema\/logo\/image\/"}}]}</script>
<meta property="product:price:amount" content="5.00" />
<meta property="product:price:currency" content="EUR" />
<meta property="og:availability" content="instock" />
<meta property="product:availability" content="instock" />
<meta property="product:condition" content="new" />
<!-- / Yoast SEO plugin. -->

Assortiment de 3 mels petites de La Mel de l’Avi Joan: romaní, muntanya i mil flors. Ideal per tastar, endolcir sobre la marxa o regalar amb proximitat.

La Mel de l&#039;Avi Joan - Mel artesana del Berguedà
