{"id":25974617,"date":"2025-10-05T13:17:23","date_gmt":"2025-10-05T13:17:23","guid":{"rendered":"https:\/\/lameldelavijoan.cat\/?post_type=product&#038;p=25974617"},"modified":"2026-01-04T20:10:51","modified_gmt":"2026-01-04T20:10:51","slug":"espelmes","status":"publish","type":"product","link":"https:\/\/lameldelavijoan.cat\/es\/producto\/espelmes\/","title":{"rendered":"Velas"},"content":{"rendered":"<h4 data-start=\"432\" data-end=\"474\">Espelmes artesanes de cera d\u2019abella<\/h4>\n<p data-start=\"475\" data-end=\"791\">A <em data-start=\"477\" data-end=\"499\">La Mel de l\u2019Avi Joan<\/em> elaborem espelmes artesanes de cera d\u2019abella de manera tradicional, mantenint viu l\u2019ofici ap\u00edcola i oferint un producte natural, ecol\u00f2gic i \u00fanic. La cera d\u2019abella \u00e9s un material noble que despr\u00e8n una llum c\u00e0lida i una aroma suau i agradable.<\/p>\n<h4 data-start=\"793\" data-end=\"829\">Beneficis de la cera d\u2019abella<\/h4>\n<p data-start=\"830\" data-end=\"1221\">A difer\u00e8ncia de les espelmes industrials, les nostres espelmes de cera d\u2019abella s\u00f3n:<\/p>\n<ul>\n<li data-start=\"830\" data-end=\"1221\">100% naturals<\/li>\n<li data-start=\"830\" data-end=\"1221\">Lliures de t\u00f2xics<\/li>\n<li data-start=\"830\" data-end=\"1221\">Sostenibles.<\/li>\n<\/ul>\n<p>En encendre-les, purifiquen l\u2019aire i alliberen un aroma subtil i dol\u00e7 que recorda a la mel i a la natura. A m\u00e9s, tenen una durada m\u00e9s llarga i una combusti\u00f3 m\u00e9s neta. Aix\u00f2 les converteix en una opci\u00f3 ideal per a persones que busquen qualitat i benestar.<\/p>\n<h4 data-start=\"1223\" data-end=\"1255\">Varietat i formes \u00faniques<\/h4>\n<p data-start=\"1256\" data-end=\"1594\">Disposem d\u2019espelmes en diferents formes i mides, creades manualment per adaptar-se a qualsevol ocasi\u00f3: des de espelmes decoratives per a moments especials fins a peces m\u00e9s senzilles i elegants per al dia a dia. Cada espelma \u00e9s \u00fanica, ja que est\u00e0 feta a m\u00e0 amb cura i dedicaci\u00f3, respectant els processos artesanals que ens caracteritzen.<\/p>\n<h4 data-start=\"1596\" data-end=\"1636\">Regal amb encant i sostenibilitat<\/h4>\n<p data-start=\"1637\" data-end=\"1961\">Les espelmes de cera d\u2019abella de <em data-start=\"1670\" data-end=\"1692\">La Mel de l\u2019Avi Joan<\/em> s\u00f3n tamb\u00e9 una excel\u00b7lent idea de regal. Amb elles regales llum, natura i tradici\u00f3, transmetent valors de respecte al medi ambient i amor per l\u2019artesania. Ja sigui per decorar la llar o per sorprendre alg\u00fa especial, s\u00f3n una elecci\u00f3 que combina bellesa i autenticitat.<\/p>","protected":false},"excerpt":{"rendered":"<p data-start=\"181\" data-end=\"390\">Velas artesanales elaboradas con <strong>cera de abeja 100% natural,<\/strong> creadas con amor por la tradici\u00f3n y disponibles en diferentes formas \u00fanicas. Una manera c\u00e1lida y sostenible de iluminar y perfumar cualquier espacio.<\/p>","protected":false},"featured_media":25975267,"template":"","meta":{"_et_pb_use_builder":"","_et_pb_old_content":"","_et_gb_content_width":""},"product_brand":[],"product_cat":[39],"product_tag":[],"class_list":{"0":"post-25974617","1":"product","2":"type-product","3":"status-publish","4":"has-post-thumbnail","6":"product_cat-mes-mel","8":"first","9":"instock","10":"shipping-taxable","11":"purchasable","12":"product-type-variable"},"yoast_head":"<!-- This site is optimized with the Yoast SEO plugin v27.5 - https:\/\/yoast.com\/product\/yoast-seo-wordpress\/ -->\n<title>Espelmes - La Mel de l&#039;Avi Joan<\/title>\n<meta name=\"description\" content=\"Espelmes artesanes de cera d\u2019abella de La Mel de l\u2019Avi Joan. Descobreix formes \u00faniques, aroma suau i una llum c\u00e0lida i sostenible per a la teva llar.\" \/>\n<meta name=\"robots\" content=\"index, follow, max-snippet:-1, max-image-preview:large, max-video-preview:-1\" \/>\n<link rel=\"canonical\" href=\"https:\/\/lameldelavijoan.cat\/es\/producto\/espelmes\/\" \/>\n<meta property=\"og:locale\" content=\"es_ES\" \/>\n<meta property=\"og:type\" content=\"article\" \/>\n<meta property=\"og:title\" content=\"Espelmes - La Mel de l&#039;Avi Joan\" \/>\n<meta property=\"og:description\" content=\"Espelmes artesanes de cera d\u2019abella de La Mel de l\u2019Avi Joan. Descobreix formes \u00faniques, aroma suau i una llum c\u00e0lida i sostenible per a la teva llar.\" \/>\n<meta property=\"og:url\" content=\"https:\/\/lameldelavijoan.cat\/es\/producto\/espelmes\/\" \/>\n<meta property=\"og:site_name\" content=\"La Mel de l&#039;Avi Joan\" \/>\n<meta property=\"article:modified_time\" content=\"2026-01-04T20:10:51+00:00\" \/>\n<meta property=\"og:image\" content=\"https:\/\/lameldelavijoan.cat\/wp-content\/uploads\/2026\/01\/espelma_cub.webp\" \/>\n\t<meta property=\"og:image:width\" content=\"600\" \/>\n\t<meta property=\"og:image:height\" content=\"600\" \/>\n\t<meta property=\"og:image:type\" content=\"image\/webp\" \/>\n<meta name=\"twitter:card\" content=\"summary_large_image\" \/>\n<meta name=\"twitter:label1\" content=\"Disponibilidad\" \/>\n\t<meta name=\"twitter:data1\" content=\"Disponible\" \/>\n<script type=\"application\/ld+json\" class=\"yoast-schema-graph\">{\"@context\":\"https:\\\/\\\/schema.org\",\"@graph\":[{\"@type\":\"WebPage\",\"@id\":\"https:\\\/\\\/lameldelavijoan.cat\\\/producte\\\/espelmes\\\/\",\"url\":\"https:\\\/\\\/lameldelavijoan.cat\\\/producte\\\/espelmes\\\/\",\"name\":\"Espelmes - La Mel de l&#039;Avi Joan\",\"isPartOf\":{\"@id\":\"https:\\\/\\\/lameldelavijoan.cat\\\/#website\"},\"primaryImageOfPage\":{\"@id\":\"https:\\\/\\\/lameldelavijoan.cat\\\/producte\\\/espelmes\\\/#primaryimage\"},\"image\":{\"@id\":\"https:\\\/\\\/lameldelavijoan.cat\\\/producte\\\/espelmes\\\/#primaryimage\"},\"thumbnailUrl\":\"https:\\\/\\\/lameldelavijoan.cat\\\/wp-content\\\/uploads\\\/2026\\\/01\\\/espelma_cub.webp\",\"datePublished\":\"2025-10-05T13:17:23+00:00\",\"dateModified\":\"2026-01-04T20:10:51+00:00\",\"description\":\"Espelmes artesanes de cera d\u2019abella de La Mel de l\u2019Avi Joan. Descobreix formes \u00faniques, aroma suau i una llum c\u00e0lida i sostenible per a la teva llar.\",\"breadcrumb\":{\"@id\":\"https:\\\/\\\/lameldelavijoan.cat\\\/producte\\\/espelmes\\\/#breadcrumb\"},\"inLanguage\":\"es\",\"potentialAction\":[{\"@type\":\"ReadAction\",\"target\":[\"https:\\\/\\\/lameldelavijoan.cat\\\/producte\\\/espelmes\\\/\"]}]},{\"@type\":\"ImageObject\",\"inLanguage\":\"es\",\"@id\":\"https:\\\/\\\/lameldelavijoan.cat\\\/producte\\\/espelmes\\\/#primaryimage\",\"url\":\"https:\\\/\\\/lameldelavijoan.cat\\\/wp-content\\\/uploads\\\/2026\\\/01\\\/espelma_cub.webp\",\"contentUrl\":\"https:\\\/\\\/lameldelavijoan.cat\\\/wp-content\\\/uploads\\\/2026\\\/01\\\/espelma_cub.webp\",\"width\":600,\"height\":600},{\"@type\":\"BreadcrumbList\",\"@id\":\"https:\\\/\\\/lameldelavijoan.cat\\\/producte\\\/espelmes\\\/#breadcrumb\",\"itemListElement\":[{\"@type\":\"ListItem\",\"position\":1,\"name\":\"Home\",\"item\":\"https:\\\/\\\/lameldelavijoan.cat\\\/\"},{\"@type\":\"ListItem\",\"position\":2,\"name\":\"Productes\",\"item\":\"https:\\\/\\\/lameldelavijoan.cat\\\/botiga\\\/\"},{\"@type\":\"ListItem\",\"position\":3,\"name\":\"Espelmes\"}]},{\"@type\":\"WebSite\",\"@id\":\"https:\\\/\\\/lameldelavijoan.cat\\\/#website\",\"url\":\"https:\\\/\\\/lameldelavijoan.cat\\\/\",\"name\":\"La Mel de l'Avi Joan\",\"description\":\"La Mel de l&#039;Avi Joan - Mel artesana del Bergued\u00e0\",\"publisher\":{\"@id\":\"https:\\\/\\\/lameldelavijoan.cat\\\/#organization\"},\"alternateName\":\"La Mel de l'Avi Joan\",\"potentialAction\":[{\"@type\":\"SearchAction\",\"target\":{\"@type\":\"EntryPoint\",\"urlTemplate\":\"https:\\\/\\\/lameldelavijoan.cat\\\/?s={search_term_string}\"},\"query-input\":{\"@type\":\"PropertyValueSpecification\",\"valueRequired\":true,\"valueName\":\"search_term_string\"}}],\"inLanguage\":\"es\"},{\"@type\":\"Organization\",\"@id\":\"https:\\\/\\\/lameldelavijoan.cat\\\/#organization\",\"name\":\"La Mel de l'Avi Joan\",\"url\":\"https:\\\/\\\/lameldelavijoan.cat\\\/\",\"logo\":{\"@type\":\"ImageObject\",\"inLanguage\":\"es\",\"@id\":\"https:\\\/\\\/lameldelavijoan.cat\\\/#\\\/schema\\\/logo\\\/image\\\/\",\"url\":\"https:\\\/\\\/lameldelavijoan.cat\\\/wp-content\\\/uploads\\\/2025\\\/09\\\/Grafics.ai-3.png\",\"contentUrl\":\"https:\\\/\\\/lameldelavijoan.cat\\\/wp-content\\\/uploads\\\/2025\\\/09\\\/Grafics.ai-3.png\",\"width\":84,\"height\":74,\"caption\":\"La Mel de l'Avi Joan\"},\"image\":{\"@id\":\"https:\\\/\\\/lameldelavijoan.cat\\\/#\\\/schema\\\/logo\\\/image\\\/\"}}]}<\/script>\n<meta property=\"og:availability\" content=\"instock\" \/>\n<meta property=\"product:availability\" content=\"instock\" \/>\n<meta property=\"product:condition\" content=\"new\" \/>\n<!-- \/ Yoast SEO plugin. -->","yoast_head_json":{"title":"Espelmes - La Mel de l&#039;Avi Joan","description":"Espelmes artesanes de cera d\u2019abella de La Mel de l\u2019Avi Joan. Descobreix formes \u00faniques, aroma suau i una llum c\u00e0lida i sostenible per a la teva llar.","robots":{"index":"index","follow":"follow","max-snippet":"max-snippet:-1","max-image-preview":"max-image-preview:large","max-video-preview":"max-video-preview:-1"},"canonical":"https:\/\/lameldelavijoan.cat\/es\/producto\/espelmes\/","og_locale":"es_ES","og_type":"article","og_title":"Espelmes - La Mel de l&#039;Avi Joan","og_description":"Espelmes artesanes de cera d\u2019abella de La Mel de l\u2019Avi Joan. Descobreix formes \u00faniques, aroma suau i una llum c\u00e0lida i sostenible per a la teva llar.","og_url":"https:\/\/lameldelavijoan.cat\/es\/producto\/espelmes\/","og_site_name":"La Mel de l&#039;Avi Joan","article_modified_time":"2026-01-04T20:10:51+00:00","og_image":[{"width":600,"height":600,"url":"https:\/\/lameldelavijoan.cat\/wp-content\/uploads\/2026\/01\/espelma_cub.webp","type":"image\/webp"}],"twitter_card":"summary_large_image","twitter_misc":{"Disponibilidad":"Disponible"},"schema":{"@context":"https:\/\/schema.org","@graph":[{"@type":"WebPage","@id":"https:\/\/lameldelavijoan.cat\/producte\/espelmes\/","url":"https:\/\/lameldelavijoan.cat\/producte\/espelmes\/","name":"Espelmes - La Mel de l&#039;Avi Joan","isPartOf":{"@id":"https:\/\/lameldelavijoan.cat\/#website"},"primaryImageOfPage":{"@id":"https:\/\/lameldelavijoan.cat\/producte\/espelmes\/#primaryimage"},"image":{"@id":"https:\/\/lameldelavijoan.cat\/producte\/espelmes\/#primaryimage"},"thumbnailUrl":"https:\/\/lameldelavijoan.cat\/wp-content\/uploads\/2026\/01\/espelma_cub.webp","datePublished":"2025-10-05T13:17:23+00:00","dateModified":"2026-01-04T20:10:51+00:00","description":"Espelmes artesanes de cera d\u2019abella de La Mel de l\u2019Avi Joan. Descobreix formes \u00faniques, aroma suau i una llum c\u00e0lida i sostenible per a la teva llar.","breadcrumb":{"@id":"https:\/\/lameldelavijoan.cat\/producte\/espelmes\/#breadcrumb"},"inLanguage":"es","potentialAction":[{"@type":"ReadAction","target":["https:\/\/lameldelavijoan.cat\/producte\/espelmes\/"]}]},{"@type":"ImageObject","inLanguage":"es","@id":"https:\/\/lameldelavijoan.cat\/producte\/espelmes\/#primaryimage","url":"https:\/\/lameldelavijoan.cat\/wp-content\/uploads\/2026\/01\/espelma_cub.webp","contentUrl":"https:\/\/lameldelavijoan.cat\/wp-content\/uploads\/2026\/01\/espelma_cub.webp","width":600,"height":600},{"@type":"BreadcrumbList","@id":"https:\/\/lameldelavijoan.cat\/producte\/espelmes\/#breadcrumb","itemListElement":[{"@type":"ListItem","position":1,"name":"Home","item":"https:\/\/lameldelavijoan.cat\/"},{"@type":"ListItem","position":2,"name":"Productes","item":"https:\/\/lameldelavijoan.cat\/botiga\/"},{"@type":"ListItem","position":3,"name":"Espelmes"}]},{"@type":"WebSite","@id":"https:\/\/lameldelavijoan.cat\/#website","url":"https:\/\/lameldelavijoan.cat\/","name":"La Mel de l'Avi Joan","description":"La Mel de l&#039;Avi Joan - Mel artesana del Bergued\u00e0","publisher":{"@id":"https:\/\/lameldelavijoan.cat\/#organization"},"alternateName":"La Mel de l'Avi Joan","potentialAction":[{"@type":"SearchAction","target":{"@type":"EntryPoint","urlTemplate":"https:\/\/lameldelavijoan.cat\/?s={search_term_string}"},"query-input":{"@type":"PropertyValueSpecification","valueRequired":true,"valueName":"search_term_string"}}],"inLanguage":"es"},{"@type":"Organization","@id":"https:\/\/lameldelavijoan.cat\/#organization","name":"La Mel de l'Avi Joan","url":"https:\/\/lameldelavijoan.cat\/","logo":{"@type":"ImageObject","inLanguage":"es","@id":"https:\/\/lameldelavijoan.cat\/#\/schema\/logo\/image\/","url":"https:\/\/lameldelavijoan.cat\/wp-content\/uploads\/2025\/09\/Grafics.ai-3.png","contentUrl":"https:\/\/lameldelavijoan.cat\/wp-content\/uploads\/2025\/09\/Grafics.ai-3.png","width":84,"height":74,"caption":"La Mel de l'Avi Joan"},"image":{"@id":"https:\/\/lameldelavijoan.cat\/#\/schema\/logo\/image\/"}}]},"og_availability":"instock","product_availability":"instock","product_condition":"new"},"_links":{"self":[{"href":"https:\/\/lameldelavijoan.cat\/es\/wp-json\/wp\/v2\/product\/25974617","targetHints":{"allow":["GET"]}}],"collection":[{"href":"https:\/\/lameldelavijoan.cat\/es\/wp-json\/wp\/v2\/product"}],"about":[{"href":"https:\/\/lameldelavijoan.cat\/es\/wp-json\/wp\/v2\/types\/product"}],"wp:featuredmedia":[{"embeddable":true,"href":"https:\/\/lameldelavijoan.cat\/es\/wp-json\/wp\/v2\/media\/25975267"}],"wp:attachment":[{"href":"https:\/\/lameldelavijoan.cat\/es\/wp-json\/wp\/v2\/media?parent=25974617"}],"wp:term":[{"taxonomy":"product_brand","embeddable":true,"href":"https:\/\/lameldelavijoan.cat\/es\/wp-json\/wp\/v2\/product_brand?post=25974617"},{"taxonomy":"product_cat","embeddable":true,"href":"https:\/\/lameldelavijoan.cat\/es\/wp-json\/wp\/v2\/product_cat?post=25974617"},{"taxonomy":"product_tag","embeddable":true,"href":"https:\/\/lameldelavijoan.cat\/es\/wp-json\/wp\/v2\/product_tag?post=25974617"}],"curies":[{"name":"wp","href":"https:\/\/api.w.org\/{rel}","templated":true}]}}

<h4 data-start="432" data-end="474">Espelmes artesanes de cera d’abella</h4>
<p data-start="475" data-end="791">A <em data-start="477" data-end="499">La Mel de l’Avi Joan</em> elaborem espelmes artesanes de cera d’abella de manera tradicional, mantenint viu l’ofici apícola i oferint un producte natural, ecològic i únic. La cera d’abella és un material noble que desprèn una llum càlida i una aroma suau i agradable.</p>
<h4 data-start="793" data-end="829">Beneficis de la cera d’abella</h4>
<p data-start="830" data-end="1221">A diferència de les espelmes industrials, les nostres espelmes de cera d’abella són:</p>
<ul>
<li data-start="830" data-end="1221">100% naturals</li>
<li data-start="830" data-end="1221">Lliures de tòxics</li>
<li data-start="830" data-end="1221">Sostenibles.</li>
</ul>
<p>En encendre-les, purifiquen l’aire i alliberen un aroma subtil i dolç que recorda a la mel i a la natura. A més, tenen una durada més llarga i una combustió més neta. Això les converteix en una opció ideal per a persones que busquen qualitat i benestar.</p>
<h4 data-start="1223" data-end="1255">Varietat i formes úniques</h4>
<p data-start="1256" data-end="1594">Disposem d’espelmes en diferents formes i mides, creades manualment per adaptar-se a qualsevol ocasió: des de espelmes decoratives per a moments especials fins a peces més senzilles i elegants per al dia a dia. Cada espelma és única, ja que està feta a mà amb cura i dedicació, respectant els processos artesanals que ens caracteritzen.</p>
<h4 data-start="1596" data-end="1636">Regal amb encant i sostenibilitat</h4>
<p data-start="1637" data-end="1961">Les espelmes de cera d’abella de <em data-start="1670" data-end="1692">La Mel de l’Avi Joan</em> són també una excel·lent idea de regal. Amb elles regales llum, natura i tradició, transmetent valors de respecte al medi ambient i amor per l’artesania. Ja sigui per decorar la llar o per sorprendre algú especial, són una elecció que combina bellesa i autenticitat.</p>

<p data-start="181" data-end="390">Velas artesanales elaboradas con <strong>cera de abeja 100% natural,</strong> creadas con amor por la tradición y disponibles en diferentes formas únicas. Una manera cálida y sostenible de iluminar y perfumar cualquier espacio.</p>

<!-- This site is optimized with the Yoast SEO plugin v27.5 - https://yoast.com/product/yoast-seo-wordpress/ -->
<title>Espelmes - La Mel de l&#039;Avi Joan</title>
<meta name="description" content="Espelmes artesanes de cera d’abella de La Mel de l’Avi Joan. Descobreix formes úniques, aroma suau i una llum càlida i sostenible per a la teva llar." />
<meta name="robots" content="index, follow, max-snippet:-1, max-image-preview:large, max-video-preview:-1" />
<link rel="canonical" href="https://lameldelavijoan.cat/es/producto/espelmes/" />
<meta property="og:locale" content="es_ES" />
<meta property="og:type" content="article" />
<meta property="og:title" content="Espelmes - La Mel de l&#039;Avi Joan" />
<meta property="og:description" content="Espelmes artesanes de cera d’abella de La Mel de l’Avi Joan. Descobreix formes úniques, aroma suau i una llum càlida i sostenible per a la teva llar." />
<meta property="og:url" content="https://lameldelavijoan.cat/es/producto/espelmes/" />
<meta property="og:site_name" content="La Mel de l&#039;Avi Joan" />
<meta property="article:modified_time" content="2026-01-04T20:10:51+00:00" />
<meta property="og:image" content="https://lameldelavijoan.cat/wp-content/uploads/2026/01/espelma_cub.webp" />
	<meta property="og:image:width" content="600" />
	<meta property="og:image:height" content="600" />
	<meta property="og:image:type" content="image/webp" />
<meta name="twitter:card" content="summary_large_image" />
<meta name="twitter:label1" content="Disponibilidad" />
	<meta name="twitter:data1" content="Disponible" />
<script type="application/ld+json" class="yoast-schema-graph">{"@context":"https:\/\/schema.org","@graph":[{"@type":"WebPage","@id":"https:\/\/lameldelavijoan.cat\/producte\/espelmes\/","url":"https:\/\/lameldelavijoan.cat\/producte\/espelmes\/","name":"Espelmes - La Mel de l&#039;Avi Joan","isPartOf":{"@id":"https:\/\/lameldelavijoan.cat\/#website"},"primaryImageOfPage":{"@id":"https:\/\/lameldelavijoan.cat\/producte\/espelmes\/#primaryimage"},"image":{"@id":"https:\/\/lameldelavijoan.cat\/producte\/espelmes\/#primaryimage"},"thumbnailUrl":"https:\/\/lameldelavijoan.cat\/wp-content\/uploads\/2026\/01\/espelma_cub.webp","datePublished":"2025-10-05T13:17:23+00:00","dateModified":"2026-01-04T20:10:51+00:00","description":"Espelmes artesanes de cera d’abella de La Mel de l’Avi Joan. Descobreix formes úniques, aroma suau i una llum càlida i sostenible per a la teva llar.","breadcrumb":{"@id":"https:\/\/lameldelavijoan.cat\/producte\/espelmes\/#breadcrumb"},"inLanguage":"es","potentialAction":[{"@type":"ReadAction","target":["https:\/\/lameldelavijoan.cat\/producte\/espelmes\/"]}]},{"@type":"ImageObject","inLanguage":"es","@id":"https:\/\/lameldelavijoan.cat\/producte\/espelmes\/#primaryimage","url":"https:\/\/lameldelavijoan.cat\/wp-content\/uploads\/2026\/01\/espelma_cub.webp","contentUrl":"https:\/\/lameldelavijoan.cat\/wp-content\/uploads\/2026\/01\/espelma_cub.webp","width":600,"height":600},{"@type":"BreadcrumbList","@id":"https:\/\/lameldelavijoan.cat\/producte\/espelmes\/#breadcrumb","itemListElement":[{"@type":"ListItem","position":1,"name":"Home","item":"https:\/\/lameldelavijoan.cat\/"},{"@type":"ListItem","position":2,"name":"Productes","item":"https:\/\/lameldelavijoan.cat\/botiga\/"},{"@type":"ListItem","position":3,"name":"Espelmes"}]},{"@type":"WebSite","@id":"https:\/\/lameldelavijoan.cat\/#website","url":"https:\/\/lameldelavijoan.cat\/","name":"La Mel de l'Avi Joan","description":"La Mel de l&#039;Avi Joan - Mel artesana del Berguedà","publisher":{"@id":"https:\/\/lameldelavijoan.cat\/#organization"},"alternateName":"La Mel de l'Avi Joan","potentialAction":[{"@type":"SearchAction","target":{"@type":"EntryPoint","urlTemplate":"https:\/\/lameldelavijoan.cat\/?s={search_term_string}"},"query-input":{"@type":"PropertyValueSpecification","valueRequired":true,"valueName":"search_term_string"}}],"inLanguage":"es"},{"@type":"Organization","@id":"https:\/\/lameldelavijoan.cat\/#organization","name":"La Mel de l'Avi Joan","url":"https:\/\/lameldelavijoan.cat\/","logo":{"@type":"ImageObject","inLanguage":"es","@id":"https:\/\/lameldelavijoan.cat\/#\/schema\/logo\/image\/","url":"https:\/\/lameldelavijoan.cat\/wp-content\/uploads\/2025\/09\/Grafics.ai-3.png","contentUrl":"https:\/\/lameldelavijoan.cat\/wp-content\/uploads\/2025\/09\/Grafics.ai-3.png","width":84,"height":74,"caption":"La Mel de l'Avi Joan"},"image":{"@id":"https:\/\/lameldelavijoan.cat\/#\/schema\/logo\/image\/"}}]}</script>
<meta property="og:availability" content="instock" />
<meta property="product:availability" content="instock" />
<meta property="product:condition" content="new" />
<!-- / Yoast SEO plugin. -->

Espelmes artesanes de cera d’abella de La Mel de l’Avi Joan. Descobreix formes úniques, aroma suau i una llum càlida i sostenible per a la teva llar.

La Mel de l&#039;Avi Joan - Mel artesana del Berguedà
